 Let v = l + 12. Calculate the greatest common divisor of v and 3.
1
Suppose -6 = -4*x + 3*x. Suppose -5*h - 3*t = -5*t - 268, 2*h - 5*t - 103 = 0. Calculate the greatest common divisor of h and x.
6
Let n = -8 + 14. Suppose 3*i - n = 3*f + 9, 2*f + 6 = 0. What is the greatest common divisor of i and 4?
2
Suppose -5*z = -39 - 6. Let c be ((-5)/6)/5 - 4165/(-42). Calculate the greatest common factor of z and c.
9
Suppose -3*n + 45 = 2*n. Let q be 36/(0 + n/12). Let j(u) = -u + 2. Let o be j(-10). What is the greatest common factor of o and q?
12
Let k = -7 - -11. Suppose 0 = -3*r + 4*h + 170, k*r = -h + 3*h + 210. Calculate the highest common divisor of r and 20.
10
Suppose 8*k - 1134 = 2*k. What is the highest common factor of 21 and k?
21
Suppose -15 = 2*t + 5*j, 7 + 3 = 4*t + 2*j. Let l be (-240)/9*(-6)/4. Calculate the highest common divisor of l and t.
5
Suppose 1 = 3*h + 2*z, 5*h - 3*z - 27 = -0*z. Calculate the greatest common factor of h and 1.
1
Suppose -2*q - 5*q = -7. What is the greatest common factor of q and 4?
1
Suppose 0 = d - 3*y - 5 + 1, 3*y = -3. What is the greatest common divisor of d and 5?
1
Let p be ((-154)/(-4))/((-2)/4). Let z = p - -52. Let j = 43 + z. Calculate the greatest common divisor of j and 108.
18
Let x be 0*2/(5 - 3). Suppose -f + x*f + l + 23 = 0, 4*f - 67 = -l. Let o be (3/(-2))/((-2)/12). Calculate the greatest common factor of o and f.
9
Suppose -l + 5*j + 10 = 3*j, 0 = l + 2*j - 2. Calculate the highest common factor of 2 and l.
2
Let c = 59 + -53. Calculate the greatest common divisor of 48 and c.
6
Suppose 747 = 4*b + 5*t, 2*b - 3*t = b + 191. Let h be 1 + 2 + -2 + b. Let i be (-2)/3*h/(-3). What is the highest common divisor of 14 and i?
14
Let t be ((-64)/14 + 2)*-7. Let a(r) = 3*r + 33. Let l be a(-8). Calculate the highest common factor of l and t.
9
Suppose -10 = -o - o. Suppose -x = o*r - 55, 3*x - x - 20 = -r. Let z be ((-3)/6)/(1/(-10)). Calculate the highest common divisor of r and z.
5
Let d = -22 + 50. What is the greatest common factor of 7 and d?
7
Let h(c) = 3*c**2 - 10*c + 6. Let d be h(6). Calculate the highest common factor of d and 6.
6
Suppose 26 = 2*y - 8*q + 3*q, 3*q + 6 = 0. Let f = -11 + 12. What is the highest common factor of y and f?
1
Let k(n) = -n**2 + 49. Let i be k(0). Let l = 26 - 36. Let o be -21*(-2 + l/(-6)). Calculate the highest common factor of o and i.
7
Let f = 9 - 10. Let n = 6 + -2. Let j be (7 + f)/(n/22). Calculate the greatest common divisor of j and 11.
11
Let o be 10/(-5) - (5 - 2). Let x be 25/4 + o/20. Suppose 2*z - 10 = x. Calculate the highest common factor of z and 1.
1
Let z(q) = q**2 + q - 2. Let d be z(-3). Suppose -d*c + 317 = -h, -2*c = -3*h + 5*h - 146. What is the highest common factor of c and 26?
26
Let v be (12/10)/(18/(-5) + 4). What is the greatest common factor of 15 and v?
3
Suppose -r + 16 - 3 = -4*b, -r + 7 = -b. Suppose k - n - 13 = 0, 0 = n - 2 + r. What is the greatest common divisor of 70 and k?
10
Suppose -5*b + b - 64 = 0. Let m be -3 + 0/3 - b. Let o = 28 + 115. What is the greatest common factor of o and m?
13
Suppose 3*n - 5*b + 1 = 7, 5*n + 5*b = 10. Suppose 0 = n*w + 2*w + 20, -70 = -5*v - 4*w. What is the highest common divisor of 45 and v?
9
Let z = 32 - 23. Calculate the greatest common divisor of z and 3.
3
Suppose -3*d + 16 + 2 = 0. What is the greatest common factor of 3 and d?
3
Let x = -9 + 9. Suppose x = -4*w + w + 48. What is the greatest common factor of w and 64?
16
Let o = -129 + 349. What is the greatest common divisor of 88 and o?
44
Suppose 0 = -x - 2*x + 9. Suppose -x*d = -0*d - 12. Calculate the highest common divisor of 8 and d.
4
Let s(d) = 3*d - 6. Let f be s(9). What is the highest common factor of f and 49?
7
Let b(o) = -o + 307. Let z be b(0). Suppose 4*l - z = 17. Suppose 4*m - 42 + 6 = 0. Calculate the greatest common factor of m and l.
9
Suppose 0*h = -3*h + 33. Let m be ((-2)/(-4))/((-3)/(-66)). What is the highest common divisor of m and h?
11
Let n be 2/(-6) - 5272/24. Let h = n + 360. Calculate the highest common factor of h and 14.
14
Let w(n) = -n + 18. Let q be w(8). What is the greatest common divisor of 25 and q?
5
Let k = -16 - -23. Let q(f) = 7 + 3*f**2 + 0*f**2 - 2*f**2 - f. Let o be q(0). What is the highest common factor of k and o?
7
Let s = 59 + -35. Let z be s/(-20)*(-19 - 1). Calculate the highest common divisor of z and 72.
24
Let q(j) = j**3 + 2*j**2 - 4*j - 2. Let d be q(-3). Let n(l) = -7*l - l**2 - d + 3 + 2. Let f be n(-6). Calculate the highest common factor of 110 and f.
10
Suppose -s + 2*d + d = -29, -3*d - 157 = -5*s. Suppose -s = -w + 8. What is the greatest common divisor of w and 5?
5
Suppose 17 = u - 3*t + 5*t, u - 11 = 4*t. Calculate the greatest common divisor of 12 and u.
3
Let g(s) = s**3 + 2*s**2. Let q be g(-2). Suppose -5*j = 5*u - 655, -2*u + 0*u + 2*j + 242 = q. Calculate the highest common divisor of u and 14.
14
Let o be -2 - -5 - 4 - -7. Let b = 10 + -9. What is the greatest common factor of o and b?
1
Let p be (-5 - -6) + 436/8*2. Let a = 3 - -7. What is the greatest common divisor of a and p?
10
Suppose 6*i - 5*i - 66 = 0. Calculate the highest common divisor of i and 22.
22
Suppose -5*o + 88 = 18. Calculate the highest common factor of 7 and o.
7
Suppose -g + 9 = 5*z, 2*g + g - 2*z - 27 = 0. Let v = g - -5. Calculate the greatest common divisor of v and 2.
2
Let d be 5/(-5)*(-1 - 1). Let j be d*((-15)/(-6) + -2). Let b be 84 + -5 - (j + -2). What is the greatest common divisor of b and 10?
10
Let z = 0 - 2. Let a(t) = -t**3 - t**2 + 2. Let y be a(z). Calculate the highest common factor of 42 and y.
6
Suppose 3*r + 4*r = 42. Let u(v) = -3*v - 3. Let c be u(-3). What is the highest common factor of c and r?
6
Let w = -41 - -42. What is the highest common divisor of 11 and w?
1
Suppose -2*v + 352 = 4*s, -3*v - 2*s - s = -516. What is the highest common divisor of v and 21?
21
Suppose 10 = -2*g, 45 = -5*n - 3*g - g. Let u(a) = a**3 + 10*a**2 - 4*a - 1. Let y be u(n). Calculate the highest common divisor of y and 16.
16
Let x(s) = -s - 8. Let w be x(-6). Let y = w - -7. Suppose 4*z = y + 59. Calculate the highest common factor of 128 and z.
16
Suppose 0 = -u + 2*t + 2*t + 107, u - 109 = 5*t. Calculate the highest common factor of 9 and u.
9
Let y be -2 - (0 - 0 - 6). Suppose 78 = -p + y*p. Suppose -u + 4*k + p = 0, 3*u + 2*k + 0*k - 50 = 0. Calculate the highest common divisor of 27 and u.
9
Let r(s) = 1 + 20*s - 9*s - 3 - 5. Let d(h) = 17*h - 10. Let c(a) = 5*d(a) - 8*r(a). Let n be c(-6). Calculate the highest common divisor of n and 36.
12
Let i(s) = 18*s**2 + 2*s. Let t = -5 - -10. Suppose h = -c, 2*h - t*c = -2*h + 18. Let a be i(h). Calculate the highest common divisor of a and 19.
19
Let t = -2 - -3. Let h be (-3 + t - -7) + -2. Suppose -o - h*o = l - 79, l - 5*o = 43. Calculate the greatest common divisor of 7 and l.
7
Let l be ((-24)/(-14))/((-4)/((-84)/3)). Suppose 3*h - h = 8. Calculate the highest common factor of l and h.
4
Suppose z + 2 = -0. Let x be -1 + z/1 + 23. Calculate the highest common divisor of 20 and x.
20
Let x(v) = -2*v - 9. Let f(o) = o - 14. Let m be f(8). Let s be x(m). Calculate the highest common factor of s and 1.
1
Let t = 3 - 7. Let x = t - -3. Let i be ((-6)/x)/(3/2). What is the greatest common divisor of 44 and i?
4
Suppose -10*b = -14*b + 108. What is the greatest common factor of b and 243?
27
Suppose 2*s - 7 = -l, -2*l + s + 28 = l. Suppose 15 = -0*h + h. Let v be (108/h)/((-3)/(-15)). Calculate the highest common divisor of v and l.
9
Let p = 18 - 4. Let x be p/(0 + 3 + -1). Calculate the highest common divisor of 1 and x.
1
Let z = 12 - 10. Let i be z + -5 + 8 - 2. Calculate the greatest common divisor of i and 24.
3
Let i = 36 - 8. Calculate the greatest common divisor of i and 7.
7
Suppose -u = 3*b - 0*u - 66, 5*b - 110 = -3*u. Calculate the greatest common factor of b and 11.
11
Let v = 157 - 49. Let d(o) = -o**3 - 2*o**2 + 6*o + 4. Let g be d(-4). Calculate the greatest common divisor of v and g.
12
Suppose 263 = 5*f - 147. Calculate the highest common factor of f and 41.
41
Let z(p) = -p + 4. Let g be z(-4). Let r = 16 - g. Suppose -29 = -3*s - 5*x, -40 = -4*s - 3*x - 5. Calculate the greatest common fac